{"id":14,"date":"2024-11-21T02:51:21","date_gmt":"2024-11-21T02:51:21","guid":{"rendered":"https:\/\/site19.arn1103.uqat.ca\/?page_id=14"},"modified":"2024-11-21T02:51:22","modified_gmt":"2024-11-21T02:51:22","slug":"a-propos","status":"publish","type":"page","link":"https:\/\/site19.arn1103.uqat.ca\/index.php\/a-propos\/","title":{"rendered":"\u00c0 PROPOS"},"content":{"rendered":"\n<h1 class=\"wp-block-heading\">Dharma ferme agro\u00e9cologique exp\u00e9rimentale<\/h1>\n\n\n\n<p>Ferme Dharma est situ\u00e9 \u00e0 Val-d&rsquo;Or en Abitibi-T\u00e9miscamingue. L&rsquo;entreprise a \u00e9t\u00e9 fond\u00e9e en 2024 par &#8230;&#8230; <\/p>\n\n\n\n<blockquote class=\"wp-block-quote is-layout-flow wp-block-quote-is-layout-flow\">\n<p>Soyez le changement que vous souhaitez voir dans le monde.<\/p>\n\n\n\n<p class=\"has-text-align-right\">-Ghandi<\/p>\n<\/blockquote>\n\n\n\n\n\n<details class=\"wp-block-details is-layout-flow wp-block-details-is-layout-flow\"><summary>Respect<\/summary>\n<p>Respect des travailleurs, de la plan\u00e8te, des animaux de l&rsquo;\u00e9cosyt\u00e8me.<\/p>\n<\/details>\n\n\n\n<details class=\"wp-block-details is-layout-flow wp-block-details-is-layout-flow\"><summary>Partage<br><\/summary>\n<p><\/p>\n<\/details>\n\n\n\n<div class=\"wp-block-media-text is-stacked-on-mobile\"><figure class=\"wp-block-media-text__media\"><\/figure><div class=\"wp-block-media-text__content\">\n<p class=\"has-contrast-color has-text-color has-link-color has-medium-font-size wp-elements-5e0cc2888df986cf874044498465e0d7\" style=\"padding-top:0;padding-right:0;padding-bottom:0;padding-left:0\">cfnsjkdnzkjrbzjehbzeak<\/p>\n<\/div><\/div>\n\n\n\n<div class=\"wp-block-columns is-layout-flex wp-container-core-columns-is-layout-28f84493 wp-block-columns-is-layout-flex\">\n<div class=\"wp-block-column is-layout-flow wp-block-column-is-layout-flow\">\n\n\n<p class=\"has-text-align-center\">Respect<\/p>\n<\/div>\n\n\n\n<div class=\"wp-block-column is-layout-flow wp-block-column-is-layout-flow\">\n\n\n<p class=\"has-text-align-center\">Partage<\/p>\n<\/div>\n\n\n\n<div class=\"wp-block-column is-layout-flow wp-block-column-is-layout-flow\">\n\n\n<p class=\"has-text-align-center\">Responsable<\/p>\n<\/div>\n<\/div>\n\n\n\n<p><\/p>\n\n\n\n<div class=\"wp-block-group alignfull has-global-padding is-layout-constrained wp-container-core-group-is-layout-d89aad35 wp-block-group-is-layout-constrained\" style=\"margin-top:0;margin-bottom:0;padding-top:var(--wp--preset--spacing--50);padding-right:var(--wp--preset--spacing--50);padding-bottom:var(--wp--preset--spacing--50);padding-left:var(--wp--preset--spacing--50)\">\n<div class=\"wp-block-group alignwide has-global-padding is-layout-constrained wp-container-core-group-is-layout-19e250f3 wp-block-group-is-layout-constrained\">\n<div class=\"wp-block-group is-vertical is-content-justification-center is-layout-flex wp-container-core-group-is-layout-6329a8f3 wp-block-group-is-layout-flex\">\n<h2 class=\"wp-block-heading has-text-align-center is-style-asterisk\">Un tableau de ressources<\/h2>\n\n\n\n<p class=\"has-text-align-center\">Notre suite compl\u00e8te de services professionnels s\u2019adresse \u00e0 une client\u00e8le diversifi\u00e9e, allant des propri\u00e9taires au d\u00e9veloppeurs commerciaux.<\/p>\n<\/div>\n\n\n\n<div style=\"height:var(--wp--preset--spacing--40)\" aria-hidden=\"true\" class=\"wp-block-spacer\"><\/div>\n\n\n\n<div class=\"wp-block-columns alignwide is-layout-flex wp-container-core-columns-is-layout-d1c656ed wp-block-columns-is-layout-flex\">\n<div class=\"wp-block-column is-vertically-aligned-center is-layout-flow wp-block-column-is-layout-flow\" style=\"flex-basis:40%\">\n<h3 class=\"wp-block-heading is-style-asterisk\">Application \u00c9tudes Architect<\/h3>\n\n\n\n<ul style=\"line-height:1.75\" class=\"wp-block-list is-style-checkmark-list\">\n<li>Collaborez avec d\u2019autres architectes.<\/li>\n\n\n\n<li>Pr\u00e9sentez vos projets.<\/li>\n\n\n\n<li>D\u00e9couvrez le monde de l\u2019architecture.<\/li>\n<\/ul>\n<\/div>\n\n\n\n<div class=\"wp-block-column is-layout-flow wp-block-column-is-layout-flow\" style=\"flex-basis:50%\">\n<figure class=\"wp-block-image size-large is-style-rounded is-style-rounded--1\"><img decoding=\"async\" src=\"https:\/\/site19.arn1103.uqat.ca\/wp-content\/themes\/twentytwentyfour\/assets\/images\/tourist-and-building.webp\" alt=\"Touriste prenant une photo d\u2019un b\u00e2timent.\"\/><\/figure>\n<\/div>\n<\/div>\n\n\n\n<div style=\"height:var(--wp--preset--spacing--40)\" aria-hidden=\"true\" class=\"wp-block-spacer\"><\/div>\n\n\n\n<div class=\"wp-block-columns alignwide is-layout-flex wp-container-core-columns-is-layout-d1c656ed wp-block-columns-is-layout-flex\">\n<div class=\"wp-block-column is-layout-flow wp-block-column-is-layout-flow\" style=\"flex-basis:50%\">\n<figure class=\"wp-block-image size-large is-style-rounded is-style-rounded--2\"><img decoding=\"async\" src=\"https:\/\/site19.arn1103.uqat.ca\/wp-content\/themes\/twentytwentyfour\/assets\/images\/windows.webp\" alt=\"Les fen\u00eatres d\u2019un b\u00e2timent \u00e0 Nuremberg, Allemagne.\"\/><\/figure>\n<\/div>\n\n\n\n<div class=\"wp-block-column is-vertically-aligned-center is-layout-flow wp-block-column-is-layout-flow\" style=\"flex-basis:40%\">\n<h3 class=\"wp-block-heading is-style-asterisk\">Newsletter \u00c9tudes<\/h3>\n\n\n\n<ul style=\"line-height:1.75\" class=\"wp-block-list is-style-checkmark-list\">\n<li>Un monde d\u2019articles stimulants.<\/li>\n\n\n\n<li>\u00c9tudes de cas qui c\u00e9l\u00e8brent l\u2019architecture.<\/li>\n\n\n\n<li>Acc\u00e8s exclusif aux connaissances en design.<\/li>\n<\/ul>\n<\/div>\n<\/div>\n<\/div>\n<\/div>\n\n\n\n<div class=\"wp-block-group alignfull has-global-padding is-layout-constrained wp-container-core-group-is-layout-d89aad35 wp-block-group-is-layout-constrained\" style=\"margin-top:0;margin-bottom:0;padding-top:var(--wp--preset--spacing--50);padding-right:var(--wp--preset--spacing--50);padding-bottom:var(--wp--preset--spacing--50);padding-left:var(--wp--preset--spacing--50)\">\n<div class=\"wp-block-columns alignwide are-vertically-aligned-center is-layout-flex wp-container-core-columns-is-layout-47c06fe3 wp-block-columns-is-layout-flex\">\n<div class=\"wp-block-column is-vertically-aligned-center is-layout-flow wp-block-column-is-layout-flow\" style=\"flex-basis:50%\">\n<h2 class=\"wp-block-heading\">Am\u00e9liorez votre parcours architectural avec l\u2019application \u00c9tudes Architect.<\/h2>\n\n\n\n<ul style=\"line-height:1.75\" class=\"wp-block-list is-style-checkmark-list\">\n<li>Collaborez avec d\u2019autres architectes.<\/li>\n\n\n\n<li>Pr\u00e9sentez vos projets.<\/li>\n\n\n\n<li>D\u00e9couvrez le monde de l\u2019architecture.<\/li>\n<\/ul>\n\n\n\n<div class=\"wp-block-buttons is-layout-flex wp-block-buttons-is-layout-flex\">\n<div class=\"wp-block-button\"><a class=\"wp-block-button__link wp-element-button\">T\u00e9l\u00e9chargez l\u2019application<\/a><\/div>\n\n\n\n<div class=\"wp-block-button is-style-outline is-style-outline--3\"><a class=\"wp-block-button__link wp-element-button\">Fonctionnement<\/a><\/div>\n<\/div>\n<\/div>\n\n\n\n<div class=\"wp-block-column is-vertically-aligned-center is-layout-flow wp-block-column-is-layout-flow\" style=\"flex-basis:50%\">\n<figure class=\"wp-block-image size-full is-style-rounded is-style-rounded--4\"><img decoding=\"async\" src=\"https:\/\/site19.arn1103.uqat.ca\/wp-content\/themes\/twentytwentyfour\/assets\/images\/abstract-geometric-art.webp\" alt=\"\u0152uvre d\u2019art g\u00e9om\u00e9trique abstraite blanche de Dresde, Allemagne\" style=\"aspect-ratio:4\/3;object-fit:cover\"\/><\/figure>\n<\/div>\n<\/div>\n<\/div>\n","protected":false},"excerpt":{"rendered":"<p>Dharma ferme agro\u00e9cologique exp\u00e9rimentale Ferme Dharma est situ\u00e9 \u00e0 Val-d&rsquo;Or en Abitibi-T\u00e9miscamingue. L&rsquo;entreprise a \u00e9t\u00e9 fond\u00e9e en 2024 par &#8230;&#8230; Soyez le changement que vous souhaitez voir dans le monde. -Ghandi cfnsjkdnzkjrbzjehbzeak Respect Partage Responsable Un tableau de ressources Notre suite compl\u00e8te de services professionnels s\u2019adresse \u00e0 une client\u00e8le diversifi\u00e9e, allant des propri\u00e9taires au d\u00e9veloppeurs [&hellip;]<\/p>\n","protected":false},"author":1,"featured_media":0,"parent":0,"menu_order":0,"comment_status":"closed","ping_status":"closed","template":"","meta":{"footnotes":""},"class_list":["post-14","page","type-page","status-publish","hentry"],"yoast_head":"<!-- This site is optimized with the Yoast SEO plugin v27.5 - https:\/\/yoast.com\/product\/yoast-seo-wordpress\/ -->\n<title>\u00c0 PROPOS - Ferme Dharma<\/title>\n<meta name=\"robots\" content=\"index, follow, max-snippet:-1, max-image-preview:large, max-video-preview:-1\" \/>\n<link rel=\"canonical\" href=\"https:\/\/site19.arn1103.uqat.ca\/index.php\/a-propos\/\" \/>\n<meta property=\"og:locale\" content=\"fr_FR\" \/>\n<meta property=\"og:type\" content=\"article\" \/>\n<meta property=\"og:title\" content=\"\u00c0 PROPOS - Ferme Dharma\" \/>\n<meta property=\"og:description\" content=\"Dharma ferme agro\u00e9cologique exp\u00e9rimentale Ferme Dharma est situ\u00e9 \u00e0 Val-d&rsquo;Or en Abitibi-T\u00e9miscamingue. L&rsquo;entreprise a \u00e9t\u00e9 fond\u00e9e en 2024 par &#8230;&#8230; Soyez le changement que vous souhaitez voir dans le monde. -Ghandi cfnsjkdnzkjrbzjehbzeak Respect Partage Responsable Un tableau de ressources Notre suite compl\u00e8te de services professionnels s\u2019adresse \u00e0 une client\u00e8le diversifi\u00e9e, allant des propri\u00e9taires au d\u00e9veloppeurs [&hellip;]\" \/>\n<meta property=\"og:url\" content=\"https:\/\/site19.arn1103.uqat.ca\/index.php\/a-propos\/\" \/>\n<meta property=\"og:site_name\" content=\"Ferme Dharma\" \/>\n<meta property=\"article:modified_time\" content=\"2024-11-21T02:51:22+00:00\" \/>\n<meta property=\"og:image\" content=\"https:\/\/site19.arn1103.uqat.ca\/wp-content\/themes\/twentytwentyfour\/assets\/images\/tourist-and-building.webp\" \/>\n<meta name=\"twitter:card\" content=\"summary_large_image\" \/>\n<meta name=\"twitter:label1\" content=\"Dur\u00e9e de lecture estim\u00e9e\" \/>\n\t<meta name=\"twitter:data1\" content=\"2 minutes\" \/>\n<script type=\"application\/ld+json\" class=\"yoast-schema-graph\">{\"@context\":\"https:\\\/\\\/schema.org\",\"@graph\":[{\"@type\":\"WebPage\",\"@id\":\"https:\\\/\\\/site19.arn1103.uqat.ca\\\/index.php\\\/a-propos\\\/\",\"url\":\"https:\\\/\\\/site19.arn1103.uqat.ca\\\/index.php\\\/a-propos\\\/\",\"name\":\"\u00c0 PROPOS - Ferme Dharma\",\"isPartOf\":{\"@id\":\"https:\\\/\\\/site19.arn1103.uqat.ca\\\/#website\"},\"primaryImageOfPage\":{\"@id\":\"https:\\\/\\\/site19.arn1103.uqat.ca\\\/index.php\\\/a-propos\\\/#primaryimage\"},\"image\":{\"@id\":\"https:\\\/\\\/site19.arn1103.uqat.ca\\\/index.php\\\/a-propos\\\/#primaryimage\"},\"thumbnailUrl\":\"https:\\\/\\\/site19.arn1103.uqat.ca\\\/wp-content\\\/themes\\\/twentytwentyfour\\\/assets\\\/images\\\/tourist-and-building.webp\",\"datePublished\":\"2024-11-21T02:51:21+00:00\",\"dateModified\":\"2024-11-21T02:51:22+00:00\",\"breadcrumb\":{\"@id\":\"https:\\\/\\\/site19.arn1103.uqat.ca\\\/index.php\\\/a-propos\\\/#breadcrumb\"},\"inLanguage\":\"fr-FR\",\"potentialAction\":[{\"@type\":\"ReadAction\",\"target\":[\"https:\\\/\\\/site19.arn1103.uqat.ca\\\/index.php\\\/a-propos\\\/\"]}]},{\"@type\":\"ImageObject\",\"inLanguage\":\"fr-FR\",\"@id\":\"https:\\\/\\\/site19.arn1103.uqat.ca\\\/index.php\\\/a-propos\\\/#primaryimage\",\"url\":\"https:\\\/\\\/site19.arn1103.uqat.ca\\\/wp-content\\\/themes\\\/twentytwentyfour\\\/assets\\\/images\\\/tourist-and-building.webp\",\"contentUrl\":\"https:\\\/\\\/site19.arn1103.uqat.ca\\\/wp-content\\\/themes\\\/twentytwentyfour\\\/assets\\\/images\\\/tourist-and-building.webp\"},{\"@type\":\"BreadcrumbList\",\"@id\":\"https:\\\/\\\/site19.arn1103.uqat.ca\\\/index.php\\\/a-propos\\\/#breadcrumb\",\"itemListElement\":[{\"@type\":\"ListItem\",\"position\":1,\"name\":\"Accueil\",\"item\":\"https:\\\/\\\/site19.arn1103.uqat.ca\\\/\"},{\"@type\":\"ListItem\",\"position\":2,\"name\":\"\u00c0 PROPOS\"}]},{\"@type\":\"WebSite\",\"@id\":\"https:\\\/\\\/site19.arn1103.uqat.ca\\\/#website\",\"url\":\"https:\\\/\\\/site19.arn1103.uqat.ca\\\/\",\"name\":\"Ferme Dharma\",\"description\":\"\",\"potentialAction\":[{\"@type\":\"SearchAction\",\"target\":{\"@type\":\"EntryPoint\",\"urlTemplate\":\"https:\\\/\\\/site19.arn1103.uqat.ca\\\/?s={search_term_string}\"},\"query-input\":{\"@type\":\"PropertyValueSpecification\",\"valueRequired\":true,\"valueName\":\"search_term_string\"}}],\"inLanguage\":\"fr-FR\"}]}<\/script>\n<!-- \/ Yoast SEO plugin. -->","yoast_head_json":{"title":"\u00c0 PROPOS - Ferme Dharma","robots":{"index":"index","follow":"follow","max-snippet":"max-snippet:-1","max-image-preview":"max-image-preview:large","max-video-preview":"max-video-preview:-1"},"canonical":"https:\/\/site19.arn1103.uqat.ca\/index.php\/a-propos\/","og_locale":"fr_FR","og_type":"article","og_title":"\u00c0 PROPOS - Ferme Dharma","og_description":"Dharma ferme agro\u00e9cologique exp\u00e9rimentale Ferme Dharma est situ\u00e9 \u00e0 Val-d&rsquo;Or en Abitibi-T\u00e9miscamingue. L&rsquo;entreprise a \u00e9t\u00e9 fond\u00e9e en 2024 par &#8230;&#8230; Soyez le changement que vous souhaitez voir dans le monde. -Ghandi cfnsjkdnzkjrbzjehbzeak Respect Partage Responsable Un tableau de ressources Notre suite compl\u00e8te de services professionnels s\u2019adresse \u00e0 une client\u00e8le diversifi\u00e9e, allant des propri\u00e9taires au d\u00e9veloppeurs [&hellip;]","og_url":"https:\/\/site19.arn1103.uqat.ca\/index.php\/a-propos\/","og_site_name":"Ferme Dharma","article_modified_time":"2024-11-21T02:51:22+00:00","og_image":[{"url":"https:\/\/site19.arn1103.uqat.ca\/wp-content\/themes\/twentytwentyfour\/assets\/images\/tourist-and-building.webp","type":"","width":"","height":""}],"twitter_card":"summary_large_image","twitter_misc":{"Dur\u00e9e de lecture estim\u00e9e":"2 minutes"},"schema":{"@context":"https:\/\/schema.org","@graph":[{"@type":"WebPage","@id":"https:\/\/site19.arn1103.uqat.ca\/index.php\/a-propos\/","url":"https:\/\/site19.arn1103.uqat.ca\/index.php\/a-propos\/","name":"\u00c0 PROPOS - Ferme Dharma","isPartOf":{"@id":"https:\/\/site19.arn1103.uqat.ca\/#website"},"primaryImageOfPage":{"@id":"https:\/\/site19.arn1103.uqat.ca\/index.php\/a-propos\/#primaryimage"},"image":{"@id":"https:\/\/site19.arn1103.uqat.ca\/index.php\/a-propos\/#primaryimage"},"thumbnailUrl":"https:\/\/site19.arn1103.uqat.ca\/wp-content\/themes\/twentytwentyfour\/assets\/images\/tourist-and-building.webp","datePublished":"2024-11-21T02:51:21+00:00","dateModified":"2024-11-21T02:51:22+00:00","breadcrumb":{"@id":"https:\/\/site19.arn1103.uqat.ca\/index.php\/a-propos\/#breadcrumb"},"inLanguage":"fr-FR","potentialAction":[{"@type":"ReadAction","target":["https:\/\/site19.arn1103.uqat.ca\/index.php\/a-propos\/"]}]},{"@type":"ImageObject","inLanguage":"fr-FR","@id":"https:\/\/site19.arn1103.uqat.ca\/index.php\/a-propos\/#primaryimage","url":"https:\/\/site19.arn1103.uqat.ca\/wp-content\/themes\/twentytwentyfour\/assets\/images\/tourist-and-building.webp","contentUrl":"https:\/\/site19.arn1103.uqat.ca\/wp-content\/themes\/twentytwentyfour\/assets\/images\/tourist-and-building.webp"},{"@type":"BreadcrumbList","@id":"https:\/\/site19.arn1103.uqat.ca\/index.php\/a-propos\/#breadcrumb","itemListElement":[{"@type":"ListItem","position":1,"name":"Accueil","item":"https:\/\/site19.arn1103.uqat.ca\/"},{"@type":"ListItem","position":2,"name":"\u00c0 PROPOS"}]},{"@type":"WebSite","@id":"https:\/\/site19.arn1103.uqat.ca\/#website","url":"https:\/\/site19.arn1103.uqat.ca\/","name":"Ferme Dharma","description":"","potentialAction":[{"@type":"SearchAction","target":{"@type":"EntryPoint","urlTemplate":"https:\/\/site19.arn1103.uqat.ca\/?s={search_term_string}"},"query-input":{"@type":"PropertyValueSpecification","valueRequired":true,"valueName":"search_term_string"}}],"inLanguage":"fr-FR"}]}},"_links":{"self":[{"href":"https:\/\/site19.arn1103.uqat.ca\/index.php\/wp-json\/wp\/v2\/pages\/14","targetHints":{"allow":["GET"]}}],"collection":[{"href":"https:\/\/site19.arn1103.uqat.ca\/index.php\/wp-json\/wp\/v2\/pages"}],"about":[{"href":"https:\/\/site19.arn1103.uqat.ca\/index.php\/wp-json\/wp\/v2\/types\/page"}],"author":[{"embeddable":true,"href":"https:\/\/site19.arn1103.uqat.ca\/index.php\/wp-json\/wp\/v2\/users\/1"}],"replies":[{"embeddable":true,"href":"https:\/\/site19.arn1103.uqat.ca\/index.php\/wp-json\/wp\/v2\/comments?post=14"}],"version-history":[{"count":1,"href":"https:\/\/site19.arn1103.uqat.ca\/index.php\/wp-json\/wp\/v2\/pages\/14\/revisions"}],"predecessor-version":[{"id":18,"href":"https:\/\/site19.arn1103.uqat.ca\/index.php\/wp-json\/wp\/v2\/pages\/14\/revisions\/18"}],"wp:attachment":[{"href":"https:\/\/site19.arn1103.uqat.ca\/index.php\/wp-json\/wp\/v2\/media?parent=14"}],"curies":[{"name":"wp","href":"https:\/\/api.w.org\/{rel}","templated":true}]}}